001?
-10110011
In base 15, what is -3 + 2ec?
2e9
In base 8, what is 3173 + -1?
3172
In base 11, what is 6 + -214?
-209
In base 14, what is -271 + 5?
-26a
In base 7, what is 11 - 62?
-51
In base 10, what is 85 + 12?
97
In base 2, what is -101101100 - -1?
-101101011
In base 13, what is 20 + -3?
1a
In base 6, what is -20 - 1?
-21
In base 11, what is -5 - -17a?
175
In base 15, what is -476 - 5?
-47b
In base 8, what is 20240 + -4?
20234
In base 16, what is 2 + -71?
-6f
In base 16, what is -4 + -10?
-14
In base 12, what is -560 - 10?
-570
In base 5, what is 1001 - 4?
442
In base 6, what is -1 - 515?
-520
In base 15, what is -82 + 3?
-7e
In base 9, what is -3847 - 4?
-3852
In base 16, what is 7ec - 1?
7eb
In base 11, what is 7a - 5?
75
In base 2, what is 10 - -11011011?
11011101
In base 15, what is -28 + -9?
-32
In base 12, what is -5 + 26?
21
In base 4, what is 32012 - 31?
31321
In base 11, what is -242 - 2?
-244
In base 6, what is 3 + 20353?
20400
In base 4, what is -22 + -213?
-301
In base 2, what is 110110010 - 0?
110110010
In base 14, what is -a - -26?
1a
In base 3, what is -11 - -10220110?
10220022
In base 4, what is -11 + 3330?
3313
In base 11, what is -1a8 + -5?
-202
In base 4, what is -202 - 1?
-203
In base 2, what is 1010100101 - -110001?
1011010110
In base 7, what is 45 + -106?
-31
In base 10, what is -7 + -27?
-34
In base 3, what is -1 + -221111?
-221112
In base 3, what is 10 + -210?
-200
In base 6, what is -5 + 540?
531
In base 4, what is -10 - 1030?
-1100
In base 9, what is -67 + 26?
-41
In base 8, what is 733 - 1?
732
In base 3, what is -1 - 2212?
-2220
In base 12, what is 2 + -7?
-5
In base 2, what is 100 + -10001?
-1101
In base 2, what is -11101 + -1100?
-101001
In base 3, what is 12 + -121020?
-121001
In base 3, what is 122 + -1002021?
-1001122
In base 14, what is 1b6 + 19?
1d1
In base 2, what is -10001110010 + 100?
-10001101110
In base 15, what is ced - -2?
d00
In base 14, what is caa + 4?
cb0
In base 3, what is 11 + -101011?
-101000
In base 5, what is 4 + 100?
104
In base 16, what is -31b + 3?
-318
In base 5, what is 230 - 10?
220
In base 15, what is e - 4?
a
In base 7, what is -3 + -301?
-304
In base 16, what is -2 - 106?
-108
In base 16, what is 0 + -d4?
-d4
In base 16, what is 0 - 19?
-19
In base 6, what is 3333 - 1?
3332
In base 7, what is 44 + 1?
45
In base 2, what is 101 + 10010?
10111
In base 16, what is 1 - 11c?
-11b
In base 15, what is -4c - 1?
-4d
In base 5, what is -202034 - -1?
-202033
In base 10, what is 32 - 14?
18
In base 16, what is -211 + -5?
-216
In base 3, what is -1 + -10001?
-10002
In base 14, what is bd7 + 3?
bda
In base 2, what is 100110110100 - 101?
100110101111
In base 11, what is -2 + -13?
-15
In base 7, what is 3200 + -3?
3164
In base 4, what is 203 + -10?
133
In base 7, what is 4 - 5251?
-5244
In base 12, what is 17 - -10?
27
In base 6, what is -1 - 1015?
-1020
In base 3, what is 11110 - -22?
11202
In base 8, what is 70 - 6?
62
In base 8, what is 0 - -37?
37
In base 5, what is -13 + -12340?
-12403
In base 3, what is -21012 + -12?
-21101
In base 11, what is 3 - 434?
-431
In base 7, what is -6 - -6220?
6211
In base 5, what is -2 - 1001?
-1003
In base 3, what is 202 - -1?
210
In base 3, what is 211020 - 0?
211020
In base 4, what is 11 + 220?
231
In base 16, what is 147 + -a?
13d
In base 14, what is -331 - -20?
-311
In base 6, what is 350411 + 4?
350415
In base 11, what is 12202 - 0?
12202
In base 7, what is 4 + -41?
-34
In base 15, what is c78 - 8?
c70
In base 8, what is -73 + -1?
-74
In base 13, what is -5 + 216?
211
In base 3, what is -10212 - 2?
-10221
In base 3, what is -10000 - 1?
-10001
In base 16, what is 3 - -22b?
22e
In base 10, what is -1124 - -6?
-1118
In base 7, what is 4 - 1223?
-1216
In base 15, what is 43c - 3?
439
In base 10, what is 86 + -33?
53
In base 8, what is -514 + -5?
-521
In base 4, what is -1 + -31232?
-31233
In base 10, what is 3 + -6?
-3
In base 8, what is -3476 + 1?
-3475
In base 9, what is -553 + 1?
-552
In base 11, what is -3 + -372?
-375
In base 9, what is 12 + -322?
-310
In base 11, what is 0 + -192?
-192
In base 14, what is 2 + 10b2?
10b4
In base 12, what is -7 + 10b?
104
In base 12, what is -2 - -70?
6a
In base 15, what is 20 + 1?
21
In base 2, what is 11 - 1000100?
-1000001
In base 10, what is 1 - -1364?
1365
In base 14, what is 6b + 2?
6d
In base 7, what is 201 - 2?
166
In base 13, what is -669 + -1?
-66a
In base 12, what is 22 - -18?
3a
In base 6, what is 1 - -12?
13
In base 9, what is 2 - 348?
-346
In base 8, what is 0 + -152?
-152
In base 16, what is 5 + -1?
4
In base 9, what is -11 - -48?
37
In base 13, what is -1853 - -4?
-184c
In base 12, what is 2 + -2b?
-29
In base 16, what is 260 - 5?
25b
In base 14, what is -5 + -318?
-31d
In base 11, what is 308a + 8?
3097
In base 14, what is 35 - 10?
25
In base 11, what is 5a - -2?
61
In base 8, what is -6 + 1035?
1027
In base 13, what is 5684 + -5?
567c
In base 15, what is b6 + 1?
b7
In base 13, what is 7c - 18?
64
In base 14, what is 21 - -3?
24
In base 5, what is 1 - 42?
-41
In base 11, what is -87 - 4?
-90
In base 16, what is 116 - 0?
116
In base 4, what is -1 - 1102201?
-1102202
In base 5, what is 1242 - 12?
1230
In base 10, what is 10 + -13?
-3
In base 2, what is -10 + -10011011?
-10011101
In base 14, what is 154 + -c?
146
In base 7, what is 165 + -11?
154
In base 14, what is -232 - 2?
-234
In base 3, what is -10001 - 102?
-10110
In base 3, what is 1012 - 120?
122
In base 13, what is 0 - 4a?
-4a
In base 14, what is -1ca - 1?
-1cb
In base 9, what is -7 - -44?
36
In base 2, what is 10001101000 - 100?
10001100100
In base 13, what is -5 - 124?
-129
In base 5, what is -4 + -241?
-300
In base 10, what is -3 + -28?
-31
In base 15, what is -4 + 27?
23
In base 5, what is -12113 + 3?
-12110
In base 8, what is 114 - 1?
113
In base 14, what is -4 + ab0?
aaa
In base 3, what is 1 + 1202?
1210
In base 4, what is -11 - -1010031?
1010020
In base 12, what is -565 - 0?
-565
In base 5, what is -104 - -32?
-22
In base 15, what is -11 + 1?
-10
In base 8, what is -31424 - 5?
-31431
In base 8, what is -304 - 4?
-310
In base 16, what is 24 + -33?
-f
In base 15, what is -30 - -17d?
14d
In base 16, what is bf - a?
b5
In base 14, what is b0 + 1?
b1
In base 15, what is 2 - 69c?
-69a
In base 4, what is 220 + 1113?
1333
In base 4, what is -10 + 1310?
1300
In base 9, what is 1 - 113?
-112
In base 9, what is -170 - -2?
-167
In base 2, what is 110 - 101000010001?
-101000001011
In base 5, what is -1 - -203?
202
In base 3, what is -12 - 211?
-1000
In base 9, what is 1 + 1268?
1270
In base 3, what is 10 - -10001?
10011
In base 7, what is 0 + 41?
41
In base 6, what is 11 - 320?
-305
In base 3, what is -10220 + -1?
-10221
In base 9, what is -823 - 6?
-830
In base 4, what is -2 + -112?
-120
In base 16, what is -36 + a?
-2c
In base 9, what is -87 - 33?
-131
In base 2, what is 1111 + 100000001?
100010000
In base 8, what is -10 + 133?
123
In base 6, what is -441 + -21?
-502
In base 7, what is 15 - 6214?
-6166
In base 12, what is a7 - -15?
100
In base 10, what is 13 + 880?
893
In base 16, what is -3 - 21?
-24
In base 16, what is 2 - 16b?
-169
In base 6, what is 1343 + 3?
1350
In base 16, what is 9 + -1?
8
In base 12, what is -4 - -1b8?
1b4
In base 13, what is c1 - 2?
bc
In base 10, what is 1 - -156?
157
In base 4, what is 323 + 0?
323
In base 10, what is -175 + 0?
-175
In base 11, what is 0 - -46?
46
In base 6, what is -22 + 234?
212
In base 16, what is 9 + 3e?
47
In base 8, what is -5 - 76?
-103
In base 16, what is -2 - -853?
851
In base 11, what is -5 + -10a?
-114
In base 11, what is 46 + 0?
46
In base 13, what is -1 - -1b4?
1b3
In base 7, what is 35 - 100?
-32
In base 12, what is 13 - 358?
-345
In base 6, what is -21 - -110?
45
In base 13, what is -125 + -4?
-129
In base 10, what is 1096 - 2?
1094
In base 2, what is 11101101101010 - -100?
11101101101110
In base 16, what is 66 + -2?
64
In base 10, what is -16 + 399?
383
In base 5, what is -1232 + -101?
-1333
In base 2, what is -101 + -110001010?
-110001111
In base 2, what is -11111 + 101?
-11010
In base 2, what is 101 + -110010111100?
-110010110111
In base 3, what is 1010112 - 1?
1010111
In base 10, what is -301 - 3?
-304
In base 14, what is -224 - 2?
-226
In base 11, what is 224 + -2?
222
In base 9, what